{"id":227,"date":"2025-09-23T20:53:34","date_gmt":"2025-09-23T20:53:34","guid":{"rendered":"https:\/\/www.drecords.de\/?page_id=227"},"modified":"2025-10-21T07:47:50","modified_gmt":"2025-10-21T07:47:50","slug":"studio","status":"publish","type":"page","link":"https:\/\/www.drecords.de\/?page_id=227","title":{"rendered":"Studio"},"content":{"rendered":"\n<h1 class=\"wp-block-heading\">Aufnahme Studio<\/h1>\n\n\n<div class=\"wp-block-image\">\n<figure class=\"aligncenter size-full\"><img fetchpriority=\"high\" decoding=\"async\" width=\"1920\" height=\"598\" src=\"https:\/\/www.drecords.de\/wp-content\/uploads\/Slider3-2.jpg\" alt=\"\" class=\"wp-image-277\" srcset=\"https:\/\/www.drecords.de\/wp-content\/uploads\/Slider3-2.jpg 1920w, https:\/\/www.drecords.de\/wp-content\/uploads\/Slider3-2-600x187.jpg 600w, https:\/\/www.drecords.de\/wp-content\/uploads\/Slider3-2-768x239.jpg 768w, https:\/\/www.drecords.de\/wp-content\/uploads\/Slider3-2-1536x478.jpg 1536w\" sizes=\"(max-width: 1920px) 100vw, 1920px\" \/><\/figure>\n<\/div>\n\n\n<p>Betreten Sie den perfekten Ort, um Ihre Musik zum Leben zu erwecken!<br>Ob Sie Ihren n\u00e4chsten gro\u00dfen Hit aufnehmen, f\u00fcr Klarheit mischen, ein Cover oder einen Remix erstellen<br>oder f\u00fcr Perfektion mastern \u2026 Wir bieten Ihnen modernstes Equipment, gem\u00fctliche Atmosph\u00e4re<br>und ein Team, das Ihre Kreativit\u00e4t zum Strahlen bringt.<br>Lassen Sie uns gemeinsam Musik magisch machen!!! ???<\/p>\n\n\n\n<p>Bei uns k\u00f6nnen Sie alle Musikproduktionen erleben! Von Oper bis Hardrock, von Sing-A-Long bis hin zu elektronischer Tanzmusik (EDM, House, Club, Techno, Trance, Hardcore, Deep House, Dubstep, Uptempo-Partysongs (wie Apr\u00e8s-Ski) usw. usw.) und von R&amp;B, Rap oder Hip-Hop, anderen Urban-, Latin-, Reggea-, Reggeaton-Tracks, Popmusik bis hin zu <strong>Mega-Hit<em> !<\/em><\/strong><br><br><strong>Bei uns ist alles m\u00f6glich!<\/strong><br><br>Mit unseren erstklassigen Einrichtungen und unserer Expertise sorgen wir daf\u00fcr, dass Ihr Sound genau Ihren W\u00fcnschen entspricht!<br>Ihre kreative Vision steht im Mittelpunkt \u2013 wir setzen sie in die Tat um! ????<\/p>\n\n\n<div class=\"wp-block-image\">\n<figure class=\"aligncenter size-full\"><img decoding=\"async\" width=\"1000\" height=\"363\" src=\"https:\/\/www.drecords.de\/wp-content\/uploads\/ramonhoubenmusicproductions.png\" alt=\"\" class=\"wp-image-228\" srcset=\"https:\/\/www.drecords.de\/wp-content\/uploads\/ramonhoubenmusicproductions.png 1000w, https:\/\/www.drecords.de\/wp-content\/uploads\/ramonhoubenmusicproductions-600x218.png 600w, https:\/\/www.drecords.de\/wp-content\/uploads\/ramonhoubenmusicproductions-768x279.png 768w\" sizes=\"(max-width: 1000px) 100vw, 1000px\" \/><\/figure>\n<\/div>\n\n\n<p><strong>Mit \u00fcber 40 Jahren Erfahrung!!<\/strong><\/p>\n\n\n\n<p><\/p>\n\n\n\n<h2 class=\"wp-block-heading\">(SINGLE- ODER) EIN PLATTENVERTRAG:<\/h2>\n\n\n\n<figure class=\"wp-block-image size-full\"><img decoding=\"async\" width=\"851\" height=\"315\" src=\"https:\/\/www.drecords.de\/wp-content\/uploads\/D-Records-Banner-min.jpg\" alt=\"\" class=\"wp-image-279\" srcset=\"https:\/\/www.drecords.de\/wp-content\/uploads\/D-Records-Banner-min.jpg 851w, https:\/\/www.drecords.de\/wp-content\/uploads\/D-Records-Banner-min-600x222.jpg 600w, https:\/\/www.drecords.de\/wp-content\/uploads\/D-Records-Banner-min-768x284.jpg 768w\" sizes=\"(max-width: 851px) 100vw, 851px\" \/><\/figure>\n\n\n\n<h4 class=\"wp-block-heading\">Oder w\u00e4hlen Sie aus einer unserer anderen 8 Plattenfirmen<\/h4>\n\n\n<div class=\"wp-block-image\">\n<figure class=\"aligncenter size-full\"><img loading=\"lazy\" decoding=\"async\" width=\"1000\" height=\"309\" src=\"https:\/\/www.drecords.de\/wp-content\/uploads\/Banner-All-labels-2025-1000px72dpi8-.jpg\" alt=\"\" class=\"wp-image-229\" srcset=\"https:\/\/www.drecords.de\/wp-content\/uploads\/Banner-All-labels-2025-1000px72dpi8-.jpg 1000w, https:\/\/www.drecords.de\/wp-content\/uploads\/Banner-All-labels-2025-1000px72dpi8--600x185.jpg 600w, https:\/\/www.drecords.de\/wp-content\/uploads\/Banner-All-labels-2025-1000px72dpi8--768x237.jpg 768w\" sizes=\"(max-width: 1000px) 100vw, 1000px\" \/><\/figure>\n<\/div>\n\n\n<p>Bei uns h\u00f6rt es nicht bei der Aufnahme Ihrer Musik auf!<br>Wir bieten Ihnen auch die M\u00f6glichkeit, Ihren Song \u00fcber eines unserer 8 renommierten Plattenlabels zu ver\u00f6ffentlichen. ???<\/p>\n\n\n\n<p>Lassen Sie Ihrer Kreativit\u00e4t freien Lauf!<br>\u2013 Von der Aufnahme bis zur Ver\u00f6ffentlichung begleiten wir Sie durch den gesamten Prozess.<\/p>\n\n\n\n<p>Gemeinsam versuchen wir, Ihre Musik zu einem Erfolg zu machen!!! ????<\/p>\n\n\n\n<p>Speziell f\u00fcr K\u00fcnstler aus Limburg haben wir das Label Limbo-Power Records,<br>f\u00fcr alle anderen (mit Studio-Rabatt) Lux Records,<br>aber Sie k\u00f6nnen aus allen oben genannten Labels w\u00e4hlen.<\/p>\n\n\n\n<p>Sie m\u00f6chten ein unabh\u00e4ngiger K\u00fcnstler sein? Oder besitzen Sie Ihr eigenes Plattenlabel? <strong>Kein Problem<\/strong>, wir k\u00f6nnen Ihre Musik und die Ihrer Kunden\/K\u00fcnstler vertreiben!!!**<\/p>\n\n\n\n\n<div class=\"wp-block-image\">\n<figure class=\"aligncenter size-large\"><img decoding=\"async\" src=\"https:\/\/www.s-musicdistribution.com\/images\/email-limbopower.png\" alt=\"\"\/><\/figure>\n<\/div>\n\n\n<h2 class=\"wp-block-heading\">PREISLISTE:<\/h2>\n\n\n\n<figure class=\"wp-block-table\"><table class=\"has-fixed-layout\"><tbody><tr><td><strong>\u00a0\u00a0\u00a0\u00a0Beschreibung<\/strong>:<\/td><td><strong>Preis<\/strong>:<\/td><td><strong>*Rabatt<\/strong><\/td><\/tr><tr><td>&nbsp;&nbsp;&nbsp;&nbsp;<\/td><td>&nbsp;<\/td><td>&nbsp;<\/td><\/tr><tr><td><strong>Playbacks \u201eBasic\u201c:<\/strong><br>(Basic-Playbacks werden nach 3 Monaten wieder zum Verkauf angeboten)<br><em>(KEINE Exklusivrechte)<\/em><\/td><td>\u20ac 100<br><br><\/td><td>&nbsp;<br>&nbsp;<\/td><\/tr><tr><td>\u00a0\u00a0\u00a0\u00a0<strong>3 Playbacks \u201eBasic\u201c f\u00fcr:<\/strong><\/td><td>\u20ac 250<\/td><td>&nbsp;<\/td><\/tr><tr><td><strong>Profi-Wiedergabe:<\/strong><br>Professionelle Wiedergaben behalten die<em> Exklusivrechte<\/em>.)<\/td><td>\u20ac 150<br><br>\u00a0<\/td><td>&nbsp;<br>&nbsp;<\/td><\/tr><tr><td>\u00a0\u00a0\u00a0\u00a0<strong>3 Playbacks &#8222;Profi&#8220; F\u00fcr:<\/strong><\/td><td>\u20ac 400<\/td><td>&nbsp;<\/td><\/tr><tr><td>&nbsp;&nbsp;&nbsp;&nbsp;<\/td><td>&nbsp;<\/td><td>&nbsp;<\/td><\/tr><tr><td><strong>Remix eines Songs:*<\/strong><br>(*\u00a0Originalmaterial muss bereitgestellt werden)<\/td><td>\u20ac 150<br><br>\u00a0<\/td><td>&nbsp;<br>&nbsp;<\/td><\/tr><tr><td>&nbsp;&nbsp;&nbsp;&nbsp;<\/td><td>&nbsp;<\/td><td>&nbsp;<\/td><\/tr><tr><td><strong>Neues Arrangement oder Komposition:<\/strong><br>(Text und Melodie gew\u00fcnscht)<\/td><td>\u20ac 250<br><br>\u00a0<\/td><td>\u20ac \u00a025<br><br>\u00a0<\/td><\/tr><tr><td>&nbsp;&nbsp;&nbsp;&nbsp;<\/td><td>&nbsp;<\/td><td>&nbsp;<\/td><\/tr><tr><td><strong>Komplette (Neu-)Produktion:<\/strong><br>(Text und Melodie nach Wunsch, Komplettpaket, Produktion und Mastering)<\/td><td><em>Starts:<\/em>\u00a0\u20ac 350<br><br><br>\u00a0<\/td><td>\u20ac \u00a050<br><br><br>\u00a0<\/td><\/tr><tr><td>&nbsp;&nbsp;&nbsp;&nbsp;<\/td><td>&nbsp;<\/td><td>&nbsp;<\/td><\/tr><tr><td><strong>Mastering pro Song:<\/strong><\/td><td>\u20ac &nbsp;35<\/td><td>\u20ac   5<\/td><\/tr><tr><td>&nbsp;&nbsp;&nbsp;&nbsp;<\/td><td>&nbsp;<\/td><td>&nbsp;<\/td><\/tr><tr><td><strong>Wiedergabe von Gesangsaufnahmen<\/strong>, <br>1\u20133 Lieder, pro Lied:<\/td><td>\u20ac \u00a075<br><br><\/td><td>&nbsp;<\/td><\/tr><tr><td><strong>Wiedergabe von Gesangsaufnahmen, <\/strong><br>von 4 Liedern, pro Lied:<\/td><td>\u20ac \u00a050<br><br><\/td><td>&nbsp;<\/td><\/tr><tr><td>&nbsp;&nbsp;&nbsp;&nbsp;<\/td><td>&nbsp;<\/td><td>&nbsp;<\/td><\/tr><tr><td>1 Ganzer Tag im Studio:<\/td><td>Auf Anfrage<\/td><td>Vielleicht<\/td><\/tr><tr><td>2 Volle Tage im Studio:<\/td><td>Auf Anfrage<\/td><td>Vielleicht<\/td><\/tr><tr><td>3 Full Days in the Studio<\/td><td>Auf Anfrage<\/td><td>Vielleicht<\/td><\/tr><tr><td>1 Full Week\u00a0<em>(5 days)<\/em>\u00a0in the Studio<\/td><td>Auf Anfrage<\/td><td>Vielleicht<\/td><\/tr><tr><td>&nbsp;&nbsp;&nbsp;&nbsp;More than 1 Week&nbsp;<em>(5 days)<\/em>&nbsp;in the Studio<\/td><td>Auf Anfrage<\/td><td>Vielleicht<\/td><\/tr><tr><td><sup><em>*\u00a0<strong>Rabatte<\/strong> nur mit einem Plattenvertrag bei einem unserer oben genannten Plattenlabels.<\/em><\/sup><\/td><td>&nbsp;<\/td><td>&nbsp;<\/td><\/tr><tr><td>&nbsp;&nbsp;&nbsp;&nbsp;<\/td><td>&nbsp;<\/td><td>&nbsp;<\/td><\/tr><tr><td>Komplette Produktion mit ausgew\u00e4hlten Playbacks \/ RH Playbacks.<\/td><td>&nbsp;<\/td><td>&nbsp;<\/td><\/tr><tr><td>Im Paket enthalten: Gesangsaufnahme, Mixing, Mastering\u2026<\/td><td>&nbsp;<\/td><td>&nbsp;<\/td><\/tr><tr><td>Inkl. WeTransfer-Link \/ WhatsApp \/ \u00dcbertragung auf Ihren eigenen USB-Stick.<\/td><td>&nbsp;<\/td><td>&nbsp;<\/td><\/tr><tr><td>&nbsp;&nbsp;&nbsp;&nbsp;<\/td><td>&nbsp;<\/td><td>&nbsp;<\/td><\/tr><tr><td>Auch ohne Plattenvertrag ist es m\u00f6glich, <br><strong>im Studio aufzunehmen <\/strong><br><sup><em>(allerdings ohne die erm\u00e4\u00dfigten Preise).<\/em><\/sup><br><br>Ebenso k\u00f6nnen Sie <strong>Ihre Musik<\/strong> auch ohne Vertrag mit uns \u00fcber unsere eigenen Services bei <br><strong><a href=\"https:\/\/www.smusicpromotion.com\" target=\"_blank\" rel=\"noreferrer noopener\">S-Music Promotion<\/a> vermarkten.<\/strong><\/td><td><br><br>Preis ab: \u20ac 24<sup>95<\/sup><br>bis          \u20ac 99<sup>95<\/sup><\/td><td><\/td><\/tr><tr><td><\/td><td>&nbsp;<\/td><td>&nbsp;<\/td><\/tr><tr><td><strong><em>(Alle Preise sind steuerfrei!)<\/em><\/strong><\/td><td>&nbsp;<\/td><td>&nbsp;<\/td><\/tr><\/tbody><\/table><\/figure>\n\n\n\n\n\n<h2 class=\"wp-block-heading\">Contacts Studio<\/h2>\n\n\n\n<h3 class=\"wp-block-heading\">Ramon Houben<\/h3>\n\n\n\n<p><strong>Dorpstra\u00dfe 126<\/strong><br><strong>52538 Niederbusch (Gangelt)<\/strong><br>Region: Nord Rhein-Westfalen, N\u00e4he Kreis Heinsberg \/ Aachen<br><strong>Germany<\/strong><\/p>\n\n\n\n<p>Telefon-Nr.:           \u00a0<a href=\"tel:+491705890848\" target=\"_Blank\" rel=\"noreferrer noopener\"><strong>+49-170-5890848<\/strong><\/a><br>Ton-Studio-Email: \u00a0<a href=\"mailto:studio@limbopower.com\" target=\"_Blank\" rel=\"noreferrer noopener\"><strong>studio@limbopower.com<\/strong><\/a><br>Label-Email:          \u00a0<a href=\"mailto:info@limbopower.com\" target=\"_Blank\" rel=\"noreferrer noopener\">info@limbopower.com<\/a><\/p>\n\n\n\n<p>Wenn Sie das Lied registrieren, verwenden Sie die Registrierungsnummer(n) von Ramon Houben und erw\u00e4hnen Sie seinen Part: Arrangeur und\/oder Produzent und\/oder Komponist und\/oder Texter und\/oder Remixer usw.<br><em>IPI: 1067973811<\/em> Mitglied der Music Rights Organisation: GEMA<em> (PRS Germany)<\/em><br><em>ISNI: 0000000523486645<\/em><\/p>\n\n\n\n<p>Planen Sie Ihre Route mit Google Maps (<a href=\"https:\/\/www.google.com\/maps\/place\/Dorfstra%C3%9Fe+126,+52538+Gangelt,+Duitsland\/@50.982991,6.048658,7589m\/data=!3m1!1e3!4m6!3m5!1s0x47c0bb1d9f9a1be7:0xd99fca99d47ac4ff!8m2!3d50.9810458!4d6.0295175!16s%2Fg%2F11g6q4p5b6?hl=nl&amp;entry=ttu&amp;g_ep=EgoyMDI1MDkyMS4wIKXMDSoASAFQAw%3D%3D\" data-type=\"link\" data-id=\"https:\/\/www.google.com\/maps\/place\/Dorfstra%C3%9Fe+126,+52538+Gangelt,+Duitsland\/@50.982991,6.048658,7589m\/data=!3m1!1e3!4m6!3m5!1s0x47c0bb1d9f9a1be7:0xd99fca99d47ac4ff!8m2!3d50.9810458!4d6.0295175!16s%2Fg%2F11g6q4p5b6?hl=nl&amp;entry=ttu&amp;g_ep=EgoyMDI1MDkyMS4wIKXMDSoASAFQAw%3D%3D\" target=\"_blank\" rel=\"noreferrer noopener\">Klicken Sie hier<\/a>)<\/p>\n\n\n\n<iframe src=\"https:\/\/www.google.com\/maps\/embed?pb=!1m18!1m12!1m3!1d16630.898578226046!2d6.026856132035076!3d50.97365645219448!2m3!1f0!2f0!3f0!3m2!1i1024!2i768!4f13.1!3m3!1m2!1s0x47c0bb1d9f9a1be7%3A0xd99fca99d47ac4ff!2sDorfstra%C3%9Fe%20126%2C%2052538%20Gangelt%2C%20Duitsland!5e1!3m2!1snl!2sbe!4v1732123693219!5m2!1snl!2sbe\" width=\"100%\" height=\"650\" style=\"border:0;\" allowfullscreen=\"\" loading=\"lazy\" referrerpolicy=\"no-referrer-when-downgrade\"><\/iframe>\n\n\n\n<p>Alle unsere Plattenlabels sind in den Niederlanden registriert**<br><sup><em>**S-Music Distribution &amp; Promotion +31-6-86363289 \/ +32-485-041066 (Am besten zu erreichen + Auch f\u00fcr WhatsAPP)<\/em><\/sup><\/p>\n\n\n\n<p>Verbunden mit den folgenden Musikrechtsorganisationen in den Niederlanden:<br><img loading=\"lazy\" decoding=\"async\" width=\"150\" height=\"30\" class=\"wp-image-230\" style=\"width: 150px;\" src=\"https:\/\/www.drecords.de\/wp-content\/uploads\/bumastemra2024-250px.png\" alt=\"\"> 2225069<br><img loading=\"lazy\" decoding=\"async\" width=\"150\" height=\"30\" class=\"wp-image-231\" style=\"width: 150px;\" src=\"https:\/\/www.drecords.de\/wp-content\/uploads\/sena-2024-250px.png\" alt=\"\"> 2052595<br><img loading=\"lazy\" decoding=\"async\" width=\"150\" height=\"30\" class=\"wp-image-233\" style=\"width: 150px;\" src=\"https:\/\/www.drecords.de\/wp-content\/uploads\/Norma2025.png\" alt=\"\" srcset=\"https:\/\/www.drecords.de\/wp-content\/uploads\/Norma2025.png 717w, https:\/\/www.drecords.de\/wp-content\/uploads\/Norma2025-600x119.png 600w\" sizes=\"(max-width: 150px) 100vw, 150px\" \/> 999485<br><img loading=\"lazy\" decoding=\"async\" width=\"150\" height=\"52\" class=\"wp-image-235\" style=\"width: 150px;\" src=\"https:\/\/www.drecords.de\/wp-content\/uploads\/ASCAP-Black.png\" alt=\"\" srcset=\"https:\/\/www.drecords.de\/wp-content\/uploads\/ASCAP-Black.png 1800w, https:\/\/www.drecords.de\/wp-content\/uploads\/ASCAP-Black-600x210.png 600w, https:\/\/www.drecords.de\/wp-content\/uploads\/ASCAP-Black-768x268.png 768w, https:\/\/www.drecords.de\/wp-content\/uploads\/ASCAP-Black-1536x537.png 1536w\" sizes=\"(max-width: 150px) 100vw, 150px\" \/> 7104103<\/p>\n\n\n\n<p><\/p>\n\n\n\n<p><\/p>\n","protected":false},"excerpt":{"rendered":"<p>Aufnahme Studio Betreten Sie den perfekten Ort, um Ihre Musik zum Leben zu erwecken!Ob Sie Ihren n\u00e4chsten gro\u00dfen Hit aufnehmen, f\u00fcr Klarheit mischen, ein Cover oder einen Remix erstellenoder f\u00fcr Perfektion mastern \u2026 Wir bieten Ihnen modernstes Equipment, gem\u00fctliche Atmosph\u00e4reund ein Team, das Ihre Kreativit\u00e4t zum Strahlen bringt.Lassen Sie uns gemeinsam Musik magisch machen!!! ??? [&hellip;]<\/p>\n","protected":false},"author":1,"featured_media":0,"parent":0,"menu_order":0,"comment_status":"closed","ping_status":"closed","template":"","meta":{"pagelayer_contact_templates":[],"_pagelayer_content":"","footnotes":""},"class_list":["post-227","page","type-page","status-publish","hentry"],"_links":{"self":[{"href":"https:\/\/www.drecords.de\/index.php?rest_route=\/wp\/v2\/pages\/227","targetHints":{"allow":["GET"]}}],"collection":[{"href":"https:\/\/www.drecords.de\/index.php?rest_route=\/wp\/v2\/pages"}],"about":[{"href":"https:\/\/www.drecords.de\/index.php?rest_route=\/wp\/v2\/types\/page"}],"author":[{"embeddable":true,"href":"https:\/\/www.drecords.de\/index.php?rest_route=\/wp\/v2\/users\/1"}],"replies":[{"embeddable":true,"href":"https:\/\/www.drecords.de\/index.php?rest_route=%2Fwp%2Fv2%2Fcomments&post=227"}],"version-history":[{"count":4,"href":"https:\/\/www.drecords.de\/index.php?rest_route=\/wp\/v2\/pages\/227\/revisions"}],"predecessor-version":[{"id":282,"href":"https:\/\/www.drecords.de\/index.php?rest_route=\/wp\/v2\/pages\/227\/revisions\/282"}],"wp:attachment":[{"href":"https:\/\/www.drecords.de\/index.php?rest_route=%2Fwp%2Fv2%2Fmedia&parent=227"}],"curies":[{"name":"wp","href":"https:\/\/api.w.org\/{rel}","templated":true}]}}